base 11, what is 590 - -2?
592
In base 8, what is 1 - 13?
-12
In base 3, what is 22112201 - -1?
22112202
In base 13, what is -1c + a?
-12
In base 7, what is 220 + 4?
224
In base 16, what is 4 + -62?
-5e
In base 16, what is -2 + -11?
-13
In base 9, what is 216 - 3?
213
In base 6, what is 32 + 13?
45
In base 2, what is -11 + -1101011?
-1101110
In base 7, what is 42345 + -1?
42344
In base 10, what is 3773 - -1?
3774
In base 10, what is -2 + 49?
47
In base 13, what is 350 - -c?
35c
In base 4, what is 223 + 2?
231
In base 16, what is -c - e5?
-f1
In base 15, what is b - -48?
54
In base 16, what is -d1 - 4?
-d5
In base 11, what is -533 - 24?
-557
In base 8, what is -7 + -16?
-25
In base 12, what is -5 - a68?
-a71
In base 14, what is 35 + 64?
99
In base 4, what is 11 + 13103?
13120
In base 6, what is 44 + 4?
52
In base 15, what is cd - 2?
cb
In base 7, what is 5 - -112?
120
In base 8, what is 622 + -1?
621
In base 8, what is 61 - 107?
-26
In base 5, what is -23 + -21?
-44
In base 14, what is 16 + -b?
9
In base 15, what is 2b - 0?
2b
In base 5, what is 44 + 14?
113
In base 7, what is 6 + -2446?
-2440
In base 12, what is -5 + -23?
-28
In base 9, what is -1 - 4?
-5
In base 9, what is 8 - 124?
-115
In base 9, what is -1 - 1011?
-1012
In base 7, what is 10 + -222?
-212
In base 14, what is 5 + 3b?
42
In base 12, what is 115 - -2?
117
In base 3, what is -1121112 + -12?
-1121201
In base 5, what is 40114 + 2?
40121
In base 16, what is 51 - 1?
50
In base 8, what is 3 - 2670?
-2665
In base 3, what is -220220 + -20?
-221010
In base 7, what is -6 + -403?
-412
In base 15, what is -3 + 58?
55
In base 12, what is -465 - 2?
-467
In base 9, what is 52 + -5?
46
In base 3, what is 2100222 - -11?
2101010
In base 4, what is -1103 + -10?
-1113
In base 12, what is 3 - -6?
9
In base 7, what is -22154 + 1?
-22153
In base 7, what is 13 - 624?
-611
In base 7, what is -2654 - -2?
-2652
In base 14, what is 7 + -18?
-11
In base 10, what is -11 - 11?
-22
In base 11, what is -5 - 2?
-7
In base 15, what is 7 + -116?
-10e
In base 11, what is 3 - -540?
543
In base 12, what is -1572 + 3?
-156b
In base 15, what is 6 - -57?
5d
In base 5, what is -2123 - -1?
-2122
In base 14, what is 23 - 1?
22
In base 14, what is 7 - -5d?
66
In base 3, what is 21 - 11022200?
-11022102
In base 2, what is -11100001 - 0?
-11100001
In base 12, what is -3 + 255?
252
In base 11, what is -4 + 355?
351
In base 2, what is 101 + -10011100111?
-10011100010
In base 5, what is 230022 + -1?
230021
In base 13, what is -b4 + 26?
-8b
In base 3, what is -11120 - -2122?
-1221
In base 13, what is -7 - -48a?
483
In base 5, what is 133312 - 1?
133311
In base 13, what is 69 + -16?
53
In base 8, what is 22 - 1?
21
In base 2, what is 10 + -11010010?
-11010000
In base 14, what is -35 - 8?
-3d
In base 11, what is 404 + -3?
401
In base 2, what is -1 - 1101001?
-1101010
In base 10, what is 2 + 18?
20
In base 10, what is 17438 - -2?
17440
In base 10, what is -31 - 24?
-55
In base 9, what is -27 + -2?
-30
In base 14, what is -16 - 4?
-1a
In base 9, what is 317 + -52?
255
In base 9, what is -285 + -20?
-315
In base 9, what is -2 + -314?
-316
In base 8, what is -41 - -66?
25
In base 14, what is 1718 - -2?
171a
In base 10, what is 42 - 6?
36
In base 7, what is -4 + 203?
166
In base 7, what is 520 + -4?
513
In base 16, what is ae + 1?
af
In base 13, what is 3 - c4?
-c1
In base 15, what is 37 - 5?
32
In base 11, what is -417 + -1?
-418
In base 14, what is 2 - 80?
-7c
In base 8, what is 4 - 61?
-55
In base 12, what is 17 + b?
26
In base 4, what is -10 + 233032?
233022
In base 7, what is 236 - -13?
252
In base 14, what is 4 + a9?
ad
In base 8, what is -15 - -17?
2
In base 15, what is 14 + 6?
1a
In base 10, what is 5 - 7321?
-7316
In base 16, what is 24d - -b?
258
In base 7, what is 5 - -442?
450
In base 4, what is -22 - -202?
120
In base 16, what is -20ed + -1?
-20ee
In base 15, what is -4 - -37?
33
In base 5, what is -4341 - 0?
-4341
In base 9, what is 2 - -4?
6
In base 14, what is 23 + 2?
25
In base 7, what is 130 + -2?
125
In base 3, what is -11020 + 2?
-11011
In base 12, what is 15 + 8?
21
In base 15, what is 4 - -4e?
53
In base 2, what is 10101101001 + 0?
10101101001
In base 2, what is -100001001111 - 100?
-100001010011
In base 11, what is 2 - 182?
-180
In base 5, what is 33 - 110?
-22
In base 15, what is -4 + 0?
-4
In base 3, what is 1 + -2002?
-2001
In base 4, what is 11 + 2002?
2013
In base 8, what is -642 + 2?
-640
In base 16, what is 28 - -7?
2f
In base 3, what is 2 - -1?
10
In base 8, what is -11 + 134?
123
In base 10, what is 18 - 5?
13
In base 5, what is -100422 + -3?
-100430
In base 14, what is -5 - -78?
73
In base 10, what is 3 + 23?
26
In base 5, what is -2300 - -21?
-2224
In base 10, what is -117 + -1?
-118
In base 5, what is 124 + 2?
131
In base 11, what is 4 - -148?
151
In base 2, what is 1110111 - 1?
1110110
In base 3, what is -2212221 + -10?
-2220001
In base 9, what is -288 - 22?
-321
In base 13, what is -84 + -79?
-130
In base 15, what is 15 + -3?
12
In base 8, what is -40 + -16?
-56
In base 16, what is -419 - 7?
-420
In base 2, what is 1001000 - 1101?
111011
In base 6, what is 101 - 5?
52
In base 16, what is -13 - -2c?
19
In base 13, what is 1239 + 1?
123a
In base 9, what is 500 + 4?
504
In base 9, what is -3756 + -3?
-3760
In base 16, what is -9 - 14?
-1d
In base 14, what is 39 + -2?
37
In base 5, what is 23 + -132?
-104
In base 4, what is 121 + -3?
112
In base 5, what is -232 - -1014?
232
In base 11, what is 6 + -7?
-1
In base 7, what is 2 - -2310?
2312
In base 5, what is 0 + 421?
421
In base 8, what is -1 + -64?
-65
In base 6, what is -3120 + 2?
-3114
In base 15, what is -5 - 86?
-8b
In base 5, what is -4 - -1422?
1413
In base 7, what is -36 - 20?
-56
In base 10, what is -514 - 5?
-519
In base 11, what is -25 + 3?
-22
In base 8, what is -303 + -11?
-314
In base 3, what is 10111 - -20?
10201
In base 2, what is 1110111 + -10?
1110101
In base 6, what is 0 - 13441?
-13441
In base 5, what is -20 - -20?
0
In base 8, what is -17 + -20?
-37
In base 10, what is 8432 - -4?
8436
In base 4, what is -101211 + 11?
-101200
In base 16, what is 20 + -22?
-2
In base 6, what is -5 + 12303?
12254
In base 14, what is 5598 - -5?
559d
In base 5, what is 13 + 121?
134
In base 16, what is 13 - -7?
1a
In base 5, what is -2303 + -1?
-2304
In base 10, what is -21 - 2?
-23
In base 13, what is 876 + -5?
871
In base 13, what is -1 + -2ac?
-2b0
In base 2, what is -11 + 1110?
1011
In base 6, what is 122003 + -4?
121555
In base 8, what is -5 - -4602?
4575
In base 4, what is -100013 + 11?
-100002
In base 9, what is 43 - -10?
53
In base 4, what is -2303 + 2?
-2301
In base 6, what is -14 - 201?
-215
In base 8, what is -202 - -12?
-170
In base 12, what is 15b + -3?
158
In base 8, what is -7 + -3561?
-3570
In base 4, what is 3321 + -1?
3320
In base 11, what is 3 - 167?
-164
In base 9, what is -27 - 4?
-32
In base 10, what is 9 - -28?
37
In base 15, what is -a - -3?
-7
In base 13, what is 0 - -164?
164
In base 2, what is 1 - 101001100100?
-101001100011
In base 10, what is 7 + -79?
-72
In base 13, what is -12 + -3?
-15
In base 10, what is 463 - -3?
466
In base 2, what is 1 - 1101100100?
-1101100011
In base 6, what is -5 - 51302?
-51311
In base 8, what is 4 + 20?
24
In base 8, what is -3 + 116?
113
In base 4, what is 300 + 0?
300
In base 10, what is -44 - 171?
-215
In base 6, what is -5 + -1004?
-1013
In base 12, what is -5 + 35?
30
In base 13, what is 329 - -1?
32a
In base 11, what is -18 + -11?
-29
In base 12, what is -4 - 35?
-39
In base 11, what is -a - 40?
-4a
In base 4, what is -1013 - -202?
-211
In base 11, what is 61 - -a0?
151
In base 11, what is 0 + 45?
45
In base 5, what is -3 + 12134?
12131
In base 7, what is 1 - -101?
102
In base 2, what is -100010 - 0?
-100010
In base 3, what is 10022120 + 12?
10022202
In base 12, what is 110 - -4?
114
In base 5, what is 14 + 3123?
3142
In base 9, what is -8 + 24?
15
In base 11, what is 5 - 106?
-101
In base 5, what is -30 - -12?
-13
In base 16, what is -4 + 3?
-1
In base 12, what is 36 - 12?
24
In base 2, what is 111010 + 1001101?
10000111
In base 12, what is -2 - a62?
-a64
In base 6, what is 13 - 23?
-10
In base 13, what is 2 - 47?
-45
In base 4, what is -11003 + -13?
-11022
In base 10, what is -49 - -6?